are the prime factors of 33261950?
2, 5, 665239
List the prime factors of 3454151.
1151, 3001
List the prime factors of 9230151.
3, 7, 419, 1049
What are the prime factors of 746330?
2, 5, 13, 5741
What are the prime factors of 7091447?
11, 103, 569
What are the prime factors of 198282?
2, 3, 7, 4721
List the prime factors of 4962816.
2, 3, 359
What are the prime factors of 658109?
211, 3119
List the prime factors of 254577.
3, 84859
List the prime factors of 6532857.
3, 193, 3761
List the prime factors of 378580.
2, 5, 23, 823
What are the prime factors of 246104?
2, 30763
List the prime factors of 222790.
2, 5, 22279
List the prime factors of 4275015.
3, 5, 103, 2767
List the prime factors of 108459.
3, 13, 103
What are the prime factors of 1626062?
2, 109, 7459
What are the prime factors of 14953551?
3, 19, 43, 6101
What are the prime factors of 1169941?
23, 50867
List the prime factors of 2095182.
2, 3, 17, 41, 167
What are the prime factors of 1081507?
7, 154501
List the prime factors of 195874.
2, 7, 17, 823
What are the prime factors of 58164?
2, 3, 37, 131
List the prime factors of 674581.
79, 8539
What are the prime factors of 183685?
5, 17, 2161
List the prime factors of 176172.
2, 3, 53, 277
List the prime factors of 494163.
3, 54907
What are the prime factors of 1456709?
1456709
List the prime factors of 281591.
97, 2903
What are the prime factors of 3617266?
2, 31, 41, 1423
List the prime factors of 201497.
201497
What are the prime factors of 377907?
3, 103, 1223
What are the prime factors of 580697?
13, 19, 2351
List the prime factors of 133306.
2, 66653
List the prime factors of 17162194.
2, 7, 1225871
What are the prime factors of 400029?
3, 7, 43, 443
What are the prime factors of 201191?
19, 10589
List the prime factors of 37503.
3, 463
List the prime factors of 292661.
292661
What are the prime factors of 591011?
211, 2801
What are the prime factors of 11137323?
3, 3712441
What are the prime factors of 4773521?
577, 8273
What are the prime factors of 181107?
3, 20123
List the prime factors of 142559.
142559
What are the prime factors of 313637?
313637
List the prime factors of 4936576.
2, 38567
List the prime factors of 8598522.
2, 3, 263, 5449
What are the prime factors of 2518?
2, 1259
What are the prime factors of 4054264?
2, 506783
List the prime factors of 3044480.
2, 5, 67, 71
What are the prime factors of 8731673?
8731673
List the prime factors of 1964293.
37, 53089
What are the prime factors of 1184713?
17, 227, 307
What are the prime factors of 538080?
2, 3, 5, 19, 59
What are the prime factors of 532062?
2, 3, 59, 167
What are the prime factors of 803415?
3, 5, 19, 2819
List the prime factors of 19877280.
2, 3, 5, 41411
List the prime factors of 5929855.
5, 17, 69763
List the prime factors of 196767.
3, 21863
List the prime factors of 7321073.
7321073
List the prime factors of 352661.
352661
What are the prime factors of 8013605?
5, 1602721
What are the prime factors of 29092493?
23, 41, 30851
List the prime factors of 2891285.
5, 331, 1747
What are the prime factors of 1849753?
17, 53, 2053
List the prime factors of 54861.
3, 18287
List the prime factors of 43348794.
2, 3, 29, 249131
What are the prime factors of 4221800?
2, 5, 11, 19, 101
What are the prime factors of 130480?
2, 5, 7, 233
List the prime factors of 517928.
2, 101, 641
What are the prime factors of 306155?
5, 61231
What are the prime factors of 152627?
19, 29, 277
List the prime factors of 125918.
2, 13, 29, 167
List the prime factors of 289892.
2, 23, 137
What are the prime factors of 4279628?
2, 197, 5431
What are the prime factors of 3672085?
5, 17, 43201
What are the prime factors of 526823?
11, 47, 1019
List the prime factors of 2552153.
73, 34961
What are the prime factors of 14057073?
3, 1093, 1429
What are the prime factors of 945661?
29, 32609
List the prime factors of 17897054.
2, 7, 3727
List the prime factors of 248846.
2, 13, 17, 563
What are the prime factors of 11368930?
2, 5, 113, 10061
List the prime factors of 8853363.
3, 59, 16673
What are the prime factors of 529477?
13, 241
List the prime factors of 951139.
7, 47, 59
List the prime factors of 141183.
3, 7, 83
What are the prime factors of 5984525?
5, 19, 43, 293
What are the prime factors of 201298?
2, 100649
List the prime factors of 7237311.
3, 37, 113, 577
What are the prime factors of 1980783?
3, 7, 23, 1367
What are the prime factors of 117635?
5, 7, 3361
What are the prime factors of 459363?
3, 19, 8059
What are the prime factors of 1794267?
3, 73, 2731
List the prime factors of 182993.
31, 5903
List the prime factors of 496298.
2, 11, 17, 1327
List the prime factors of 2548.
2, 7, 13
List the prime factors of 46388.
2, 11597
What are the prime factors of 1728184?
2, 216023
What are the prime factors of 873494?
2, 17, 23, 1117
List the prime factors of 227816.
2, 28477
What are the prime factors of 5178?
2, 3, 863
List the prime factors of 383082.
2, 3, 7, 1303
List the prime factors of 505273.
97, 5209
List the prime factors of 6418913.
6418913
List the prime factors of 1973077.
97, 20341
What are the prime factors of 280892?
2, 70223
What are the prime factors of 8810?
2, 5, 881
List the prime factors of 312352.
2, 43, 227
List the prime factors of 4376467.
4376467
List the prime factors of 515229.
3, 11, 13, 1201
What are the prime factors of 212250?
2, 3, 5, 283
What are the prime factors of 6369977?
43, 148139
What are the prime factors of 9005418?
2, 3, 55589
What are the prime factors of 212096?
2, 1657
List the prime factors of 5742391.
53, 108347
List the prime factors of 207479.
207479
List the prime factors of 36383130.
2, 3, 5, 7, 57751
What are the prime factors of 2153897?
19, 113363
List the prime factors of 1135962.
2, 3, 223, 283
What are the prime factors of 194297?
331, 587
What are the prime factors of 550933?
167, 3299
What are the prime factors of 782749?
11, 6469
What are the prime factors of 11849217?
3, 19, 47, 4423
List the prime factors of 3329095.
5, 7, 11, 8647
List the prime factors of 325919.
11, 29629
List the prime factors of 27873132.
2, 3, 7, 17, 131, 149
List the prime factors of 2143935.
3, 5, 15881
List the prime factors of 352839.
3, 337, 349
List the prime factors of 207499.
19, 67, 163
List the prime factors of 105397.
105397
List the prime factors of 156033.
3, 5779
List the prime factors of 25651825.
5, 1026073
List the prime factors of 1795603.
1795603
List the prime factors of 225441.
3, 37, 677
What are the prime factors of 654028?
2, 23, 7109
What are the prime factors of 388572?
2, 3, 32381
List the prime factors of 5614757.
337, 16661
List the prime factors of 1705592.
2, 7, 19, 229
List the prime factors of 23497027.
23497027
What are the prime factors of 205535?
5, 11, 37, 101
List the prime factors of 1243520.
2, 5, 29, 67
List the prime factors of 114625.
5, 7, 131
What are the prime factors of 8037367?
13, 163, 3793
What are the prime factors of 2546268?
2, 3, 67, 3167
List the prime factors of 259365.
3, 5, 17291
What are the prime factors of 662859?
3, 73651
What are the prime factors of 265896?
2, 3, 1231
List the prime factors of 3506072.
2, 438259
List the prime factors of 12879793.
23, 559991
List the prime factors of 4586023.
13, 352771
List the prime factors of 46441.
46441
List the prime factors of 2410967.
13, 19, 43, 227
List the prime factors of 6846897.
3, 19, 120121
List the prime factors of 935869.
11, 149, 571
What are the prime factors of 10706780?
2, 5, 7, 31, 2467
List the prime factors of 853651.
19, 179, 251
What are the prime factors of 410003?
11, 37273
What are the prime factors of 2070987?
3, 157, 4397
What are the prime factors of 23529018?
2, 3, 3921503
What are the prime factors of 408059?
29, 14071
What are the prime factors of 1086310?
2, 5, 108631
What are the prime factors of 122879?
103, 1193
What are the prime factors of 501912?
2, 3, 6971
What are the prime factors of 280665?
3, 5, 7, 11
List the prime factors of 19960648.
2, 53, 179, 263
List the prime factors of 3246191.
13, 71, 3517
List the prime factors of 1267311.
3, 31, 13627
What are the prime factors of 814795?
5, 89, 1831
List the prime factors of 244827.
3, 11, 2473
What are the prime factors of 1363894?
2, 7, 37, 263